98 is divided by j(20)?
48
Let n be 1*14 + (-3)/(-1). Suppose 2*a - 2 = 3*b + 7, 3*a = b + n. Suppose -26 = -r - 9. Calculate the remainder when r is divided by a.
5
Suppose 5*d = 5*n - 105, 38*n + 2*d = 39*n - 18. Calculate the remainder when 475 is divided by n.
19
Suppose 2*z = 2 - 10, 0 = 5*m + 2*z - 117. Let c = m - 15. Calculate the remainder when 27 is divided by c.
7
Let j(u) = 3*u**2 + u + 5. Let w = 4 - -13. Calculate the remainder when j(-4) is divided by w.
15
Suppose 3*s - 5*z = -236 - 45, -455 = 5*s + 5*z. Let y = -56 - s. Calculate the remainder when y is divided by 15 + (-2 - (2 - 2)).
10
Let d(u) = 17*u + 966. Calculate the remainder when d(-42) is divided by 50.
2
What is the remainder when 0 + 4 + (-15996)/(-124) is divided by 11?
1
Let m = -42 + 61. Let g = m - -3. What is the remainder when ((-55)/g)/(2/(-20)) is divided by 13?
12
Suppose 0 = p - 2*p - 9. Let k(d) = d + 11. Let a be k(p). Let v(n) = n - 1. What is the remainder when 2 is divided by v(a)?
0
Let j be ((-7)/14)/((-1)/24). Calculate the remainder when j/(-8)*(-724)/6 is divided by 37.
33
Suppose 54*b - 12 = 50*b. Calculate the remainder when 177 is divided by (-6 - -12)*(33/6 - b).
12
Calculate the remainder when 47 is divided by 410/25 + 2 - 16/40.
11
Let a(j) = -40*j + 65. Let s(b) = 40*b - 66. Let o(d) = 3*a(d) + 4*s(d). What is the remainder when o(6) is divided by 43?
42
Let h(q) = -4*q**2 - 44*q + 45. Let o be h(1). Suppose 191 = 3*d - 43. Calculate the remainder when (8/o)/((-4)/d) is divided by 18.
16
Let g(h) = -h**2 + 14*h + 19. Suppose -6*j + 15 = -j. Suppose -2*a + 0*a + 12 = 4*r, r + j*a = 3. What is the remainder when g(15) is divided by r?
1
Let k(n) = 3*n**3 - 2*n**2 + 3*n - 2. Let r be k(1). Suppose 2*x + r*s - 98 = 14, 167 = 3*x + 2*s. What is the remainder when 162 is divided by x?
52
Suppose 5*z - 3*z - 156 = 0. Suppose 0 = 3*r - 15, -3*s + 3*r = 5*r - 31. Suppose -34 = -b - s. Calculate the remainder when z is divided by b.
24
Let h be -6*2*(-3 + 4). Let m = h - -19. Calculate the remainder when 31 - (-3 + m + -8) is divided by 9.
8
Suppose 2*x - 222 = -x. Suppose x*t - 73 = 73*t. Calculate the remainder when t is divided by (15/(-4))/((-2)/8).
13
Let w(p) = 2*p**2 + 0*p**3 + 2*p**2 - 3 - p**3 - p + 3*p**2. Let n = -15 + 30. What is the remainder when w(6) is divided by n?
12
Suppose 0 = -4*o + 2*c + 52, 0 = 4*o + 5*c - 52. Suppose d = o - 1. Calculate the remainder when d is divided by 5.
2
Suppose 13*s - 50 = 67. Calculate the remainder when 62 is divided by s.
8
Let f = 282 - 188. Suppose -2*g + 4*c = -55 - 5, 3*g - 4*c - f = 0. What is the remainder when g is divided by 14?
6
Let u = 11 - 3. What is the remainder when u is divided by (-4)/8*(-1 + -1 + -4)?
2
Suppose w - 200 = -4*w + 3*o, -o + 69 = 2*w. Let j(a) = -a**2 - 6*a + 8. What is the remainder when (3/(-3))/((-1)/w) is divided by j(-6)?
5
Suppose -4*k = 2*w - 202, 4*k - 2*w + 0*w - 190 = 0. Let l = k - -2. What is the remainder when l is divided by 26?
25
Suppose -2*s + 151 = 3*d - 2*d, -2*s + 160 = -2*d. Calculate the remainder when s is divided by 16.
13
Suppose 73*t - 2296 = 17*t. Calculate the remainder when 152 is divided by t.
29
Suppose 4*u - 44 = -0. Suppose -b + 3*b - 2 = 0. Calculate the remainder when (4 - b) + 16 + -1 is divided by u.
7
Suppose -5*l = -2*k - 105, 0 = -0*l - 3*l + 3*k + 54. What is the remainder when l is divided by 9?
5
Let o be (4 - 4)/5 + -70. Let b = o - -140. Calculate the remainder when b is divided by 36.
34
Suppose -3*u = -2*u - 2. Calculate the remainder when u - (150/(-3) - -2) is divided by 13.
11
Let t be (-5)/10*-8 + 10. Suppose -19*j + 60 = -t*j. Calculate the remainder when 69 is divided by j.
9
Let f = 109 + -181. Let v = f + 110. Let k = -16 + v. Calculate the remainder when 43 is divided by k.
21
Let d = -14 + 18. Calculate the remainder when 6/4 + 119/14 is divided by d.
2
Let u be 1/3*(-3 + 0). What is the remainder when 30 - (-1 - 3*(u + 0)) is divided by ((-5)/3)/((-2)/12)?
8
Suppose m - 3*m + 96 = 0. Let b = -61 + 107. Let v = b + -29. Calculate the remainder when m is divided by v.
14
Suppose -n + 14*g + 33 = 9*g, 0 = 3*n + 4*g - 156. What is the remainder when n is divided by 31?
17
Suppose -11 = -t + 3*z, -t + 4*t = 5*z + 41. Calculate the remainder when 151 is divided by t.
15
Let s = -339 + 471. Calculate the remainder when s is divided by 52.
28
Suppose 1341 = 5*i + 4*d, 2*i + 2*i - 5*d - 1040 = 0. Calculate the remainder when i is divided by 38.
37
Let z be (-66)/4*(7/3 + -3). Suppose -z = -p + 2. Calculate the remainder when 0 - -1 - 3 - -25 is divided by p.
10
Suppose -21 = 47*j - 444. What is the remainder when 977 is divided by j?
5
Calculate the remainder when 136 is divided by (-5)/(-1)*(-9)/((-9)/11).
26
Let w(l) = 12 - l + 28 + l**3 - 3*l**2 - 7 + 2*l**2. Calculate the remainder when 127 is divided by w(0).
28
Suppose 5*d + 119 = 2*w, -14*w - 4*d = -12*w - 110. Let y = 105 - w. What is the remainder when y is divided by 18?
12
Suppose 0 = -4*v - 0*v + 4. Let r be v/3 + (-309)/9. Let a = -5 - r. What is the remainder when a is divided by 8?
5
Let t(x) = x**2 + 6*x + 3. Let z be t(5). Let p = z - 22. What is the remainder when p is divided by -3*7/63*78/(-2)?
10
Let l = -220 - -235. Calculate the remainder when l is divided by ((-6)/5)/(9/(-60)).
7
Let k(j) = -52*j - 237. What is the remainder when k(-9) is divided by 66?
33
Suppose 4*i + 10 = 5*i. What is the remainder when 19 is divided by i?
9
Let x = -1 - -8. Suppose -f + 5*f = 12. Suppose 2*k + 40 = -2*j + 4*j, 4*k = f*j - 63. What is the remainder when j is divided by x?
3
Let p = 110 - 94. What is the remainder when 61 is divided by p?
13
Let j = -22 - -26. Let d = 52 - 25. Calculate the remainder when j is divided by ((-3)/(-9))/(3/d).
1
Let t(g) = 82*g + 3. Let l be 3/3*(4 - 3). Let f be t(l). Let u = f - 59. Calculate the remainder when u is divided by 7.
5
Suppose -p - 30 = -3*p. Suppose -5*m + 116 = -2*m + 2*u, 131 = 3*m - u. Let w = p + m. What is the remainder when w is divided by 15?
12
Suppose 0 = -120*t + 122*t + 5*m - 837, m - 1665 = -4*t. What is the remainder when t is divided by 18?
2
Suppose -9*r + 5*r + 936 = 0. What is the remainder when r is divided by 47?
46
Let u = 1 - -6. Suppose 5*b + 2*o = 89, o = -2*b + 8 + 27. What is the remainder when b is divided by u?
5
Let h be -2*(-25)/15*27. Suppose t = 5*i + 2*t - h, 2*t - 9 = -i. Calculate the remainder when i is divided by 4.
3
Suppose x - 28 = -4*f, f - 526 + 329 = -5*x. Let r(u) = -u**3 + u**2 + 7*u + 1. What is the remainder when r(-5) is divided by x?
36
Calculate the remainder when 82 is divided by 1/(-9)*-129 + 2/(-6).
12
Suppose -u + 8 = 1. Calculate the remainder when (1060/(-795))/((-1)/21) is divided by u.
0
Suppose 116 = -10*w + 236. Calculate the remainder when 980 is divided by w.
8
What is the remainder when 134 is divided by 140/8 + 4/(-8)?
15
Let r = -92 + 96. Let t = 6 + 9. Let p = t - 9. What is the remainder when p is divided by r?
2
Let g = -16 + 29. Suppose -2*s = 3*t - 8*t - 125, 4*s - 210 = 2*t. Calculate the remainder when s is divided by g.
11
Suppose -5*n + 10*n - 245 = -2*b, -b - 2*n = -123. Suppose 0 = 6*p + b + 199. Let q = -37 - p. What is the remainder when q is divided by 6?
5
Let u(k) = k**2 - 87*k - 605. Suppose -5*d + 29 = -6. What is the remainder when u(-7) is divided by d?
4
Calculate the remainder when 75 is divided by -1 + 2 + 2/(2/11).
3
Let k = -2385 + 2413. What is the remainder when 864 is divided by k?
24
Suppose 25 = 12*a - 35. Let i = 87 - a. Calculate the remainder when i is divided by 29.
24
Suppose 630*q = 626*q + 24. What is the remainder when 41 is divided by q?
5
Let v = -17 + 36. What is the remainder when v is divided by (108/63)/((4 - (-111)/(-28))*8)?
1
Suppose -6*g + g + 315 = 5*r, 5*r - 315 = -4*g. Suppose 104 = 3*s + 5*s. What is the remainder when r is divided by s?
11
Suppose 0 = 5*y - y - 2*m - 70, 3*y - 2*m - 50 = 0. Let i = -9879 - -10055. Calculate the remainder when i is divided by y.
16
Suppose 2*n + 3*n = 175. Suppose 99 - 14 = 4*p - 3*x, 6 = -2*x. Calculate the remainder when n is divided by p.
16
Let z(a) = -15*a + 8. Let b(x) = 2*x - 30. Let i(r) = -r + 15. Let j(k) = -2*b(k) - 5*i(k). Let n be j(12). What is the r